Suppose 4*o - 165 - 59 = j. Suppose 8*p - 96 = o. What is the units digit of p?
9
Suppose -10*t + 805 = -2935. Let d be t/14 + 376/(-56) + 7. Let l = 134 - d. What is the tens digit of l?
0
Let z = 30789 - -3143. What is the tens digit of z?
3
Let d = 3088 - 1288. Let l = d - 758. What is the thousands digit of l?
1
Suppose g + 1 = 2*c, 1 = g + 5*c - 5. Suppose 0 = -3*d + 3*i + 39, 2*i - g = -d - 0*i. Suppose 2*a + 245 = d*a. What is the tens digit of a?
3
Let g = 34657 + -17833. What is the units digit of g?
4
Let f be (-42)/12*(102/(-14) + 5). What is the units digit of 1314*(6/f)/((-51)/(-34))?
7
Suppose 9*v - 2*z + 44598 = 12*v, 3*z = -9. What is the thousands digit of v?
4
What is the hundreds digit of (1570331/57)/((-56)/(-120))?
0
Suppose 136*i = 148*i - 176106 - 105270. What is the tens digit of i?
4
Let b(v) = -1. Let z(h) = -14*h - 23. Let k be (-4 + 24)/(-5) + 3. Let n(o) = k*z(o) + 6*b(o). What is the units digit of n(9)?
3
Let z(p) = -194 + 37*p + 62*p - 37*p + 182. What is the units digit of z(6)?
0
Let q(b) = -b**2 - 103*b - 1032. What is the thousands digit of q(-47)?
1
Suppose 0 = y + 7*y - 21935 + 5943. What is the hundreds digit of y?
9
Let i = 61 + -57. Suppose -4 = -i*j + 8. Suppose j*q + 370 = 5*q + 2*w, 5*q - 895 = w. What is the tens digit of q?
8
Let u(n) = -11*n - 1. Let j be u(5). Let a be 16/3*(-84)/j. Suppose 0 = -2*i + s + 440, 0 = -s + 3*s - a. What is the hundreds digit of i?
2
Let m be 17/(-85) - (-149)/(-5). Let x = m + 31. What is the tens digit of (328/(-32))/(x/(-4))?
4
Let t be (-12386)/(-88) + 1/4. Let i = -1 + t. What is the tens digit of i?
4
Let j = 148 + -97. Let p = 160 + j. Suppose -2*x + p = 51. What is the tens digit of x?
8
Let d(c) = 5*c**2 - 44*c + 136. What is the thousands digit of d(45)?
8
Let r(f) = f**3 + 8*f**2 - 5. Let y be r(-7). Suppose -4*h + u = -10, 5*h - 2*h - u = 8. Suppose h*d - y = d. What is the units digit of d?
4
Suppose q - 2*d - 75526 = 0, -5*q - 2*d + 242434 = -135268. What is the tens digit of q?
3
Suppose 244 - 1861 = -11*j. Suppose 7*q - 10*q = -j. What is the tens digit of q?
4
Let m(g) = g**2 - 5*g + 1. Let l be m(3). Let r(d) = -4*d**2 + 30. Let j(k) = -4*k**2 - 3*k + 30. Let i(z) = 3*j(z) - 4*r(z). What is the units digit of i(l)?
5
Let g be 1 - 1 - -8*(-135)/(-18). What is the units digit of 6/((2/(-18))/((-680)/g))?
2
Let b(o) = 3*o + 39. Let l be b(-10). Suppose -l*z - 18240 = -29*z. What is the hundreds digit of z?
9
Let s(l) = 33*l**2 + 2*l + 1. Let a be s(-3). Let m = -194 + a. What is the units digit of m?
8
Let j be (-9)/9*(-397 - -1). Suppose -7*n + 6*n - 5*w + j = 0, -5*w - 1228 = -3*n. What is the units digit of n?
6
Let z be 5/((-1 - 6/8) + 2). Suppose -v + 16 = 3*o + o, 4*v - 5*o + z = 0. Suppose v = 11*d - 8*d - 204. What is the tens digit of d?
6
Let g = 3 - -18. Let s = g - 16. Suppose -s*x = -18 - 67. What is the units digit of x?
7
Suppose 13*f = 16*f - 4*m - 53, 0 = 4*f - 5*m - 69. Suppose f*b = 12811 - 2592. What is the hundreds digit of b?
9
Let s be (3 - 0) + (-292)/(-8)*2. Let f = s + -69. What is the hundreds digit of (-9)/((-27)/f)*66/1?
1
Let n(z) = 2*z**2 - 3*z - 7. Let t be n(-5). Suppose 17 + t = 15*o. What is the units digit of o?
5
Suppose 2*y = -30*y - 33056. Let n = 1851 + y. What is the units digit of n?
8
Let u(s) = 521*s**2 - 42*s - 406. What is the units digit of u(-6)?
2
Let s(w) = 10 + 11 + 4*w - 31. Let i be s(3). Suppose -i*y + 326 + 6 = 0. What is the hundreds digit of y?
1
Suppose 2*h = p + 588, -3*h = -3*p - 1929 + 159. Let j = -385 - p. What is the hundreds digit of j?
2
Let v(x) = 2196*x**2 - 64*x - 179. What is the thousands digit of v(-3)?
9
Let w(d) = -d**3 - 16*d**2 + 22*d - 32. Suppose -z - 57 = 3*a, 0*a + 4*z = 2*a + 24. What is the units digit of w(a)?
0
Let h = -444 - -444. Suppose h = 7*u - 6968 + 318. What is the hundreds digit of u?
9
Let m = 8 + -10. What is the hundreds digit of -1 + 330 + (m - -4)*-2?
3
Let a(k) be the first derivative of 2*k**2 + 4*k + 1. Let u be a(2). Suppose 3*d = u + 3. What is the units digit of d?
5
Let v = -192 + 226. Let j(g) = -g**2 + 40*g + 115. What is the hundreds digit of j(v)?
3
Suppose 9*l - 62 = -35. Let v be (-10)/4*4*-1. Suppose -l*g = -2*g - v. What is the units digit of g?
0
Suppose 0 = -9*v - 1428 - 228. Let w = v + 651. What is the tens digit of w?
6
Suppose 22 = -6*q + 10. What is the hundreds digit of 1/(-2) + (-879)/q?
4
Suppose 0 = -3*o + 4*o + 2124. Suppose 21 = 3*w - 8*a, -12*a = -w - 9*a + 6. What is the units digit of 3*5/(-25) - o/w?
1
Let v(b) = 4*b - 7. Let c be v(2). Let l be (-1 - -84)*(-2 + 4 - c). Let j = l - 5. What is the units digit of j?
8
Let t = 115 - 98. Let n(m) = -m**3 + 17*m**2 + 4*m - 22. Let u be n(t). Suppose -43*s = -u*s + 465. What is the tens digit of s?
5
Suppose -2*p + 2*n = -392, 0*n + 2 = 2*n. Suppose 0 = -2*z - p - 161. Let w = -47 - z. What is the units digit of w?
2
Let x(j) = 2*j**2 - 24*j + 3. Let a = 24 + -19. Suppose -6*s + 50 = 5*p - s, -4*p - a*s + 36 = 0. What is the units digit of x(p)?
9
Let m(o) = -36 - 7 - 20*o - 9*o**3 + 42. What is the tens digit of m(-5)?
2
Let q(f) = -2*f**2 - 49*f + 200. What is the hundreds digit of q(-16)?
4
Let x(c) = 2*c**3 - 37*c**2 - 19*c + 9. Let o be x(19). What is the hundreds digit of (o/2 - 3)/((-9)/(-1200))?
2
Suppose o - 949 - 99 = 2*u, 0 = 5*o + 5*u - 5255. Suppose 5*x - 32 = -4*p + o, -646 = -3*x - 4*p. Suppose 1073 - x = 5*l. What is the units digit of l?
1
Let n = 11725 + -8085. What is the tens digit of n?
4
Let o = 68 - 112. Let c = o + 49. Suppose 4*r = -5*d + d + 356, 77 = r + c*d. What is the tens digit of r?
9
Suppose 3*m - 11 + 5 = 0. Let u = 0 + m. Suppose 0*r + 2*r - n - 166 = 0, -416 = -5*r + u*n. What is the tens digit of r?
8
Suppose 4*q + l - 70 = 0, 5*q - 2*q - 4*l = 43. Suppose 3*v - q = 19. Let m = 129 - v. What is the hundreds digit of m?
1
Let q = -4 + 4. Suppose q = -x + 51 + 5. Suppose 6*o - 248 = -x. What is the tens digit of o?
3
Suppose 3 + 5 = -4*n, 5*s - 91139 = -8*n. What is the ten thousands digit of s?
1
Let t(j) = 13*j - 4. Let a be t(4). Let g be (-64)/a + 124/3. Suppose -g*o + 123 = -37*o. What is the tens digit of o?
4
Suppose -2*n = y + 4*y - 1585, 0 = -y - 2*n + 309. Suppose 0 = -5*a + 1414 - y. Suppose 62 = x - 8*i + 3*i, 0 = -3*x + 4*i + a. What is the tens digit of x?
7
Let f(k) = 435*k**2 + 74*k + 2. What is the tens digit of f(-3)?
9
Let t be 1*(40/8 + -270). Let s = t - -275. What is the units digit of s?
0
Suppose 7*u - 330 = 34. Suppose 552 = u*v - 50*v. What is the units digit of v?
6
Suppose -582*u = -618*u + 1093716. What is the thousands digit of u?
0
What is the ten thousands digit of 3/(-1) - ((-21)/(-84) + (-765438)/24)?
3
Let m(y) = 231*y**2 + 5. Let o be m(-7). What is the units digit of o/24 + 2 + 4/24?
4
What is the hundreds digit of 24*(-4)/64*15902/(-3)?
9
Let v = 355 + -707. Let a = 533 + v. What is the hundreds digit of a?
1
What is the hundreds digit of 342/(-1140)*4/6 - (-36216)/5?
2
Let u(t) = -5*t + 58 - 20*t + 10*t. What is the units digit of u(-6)?
8
Suppose -r + 4356 = m - 7323, 0 = -m - 2*r + 11684. What is the ten thousands digit of m?
1
Let t be (-4 - -5)*(-73580)/2. What is the hundreds digit of 0 - 2/(-9) - t/90?
4
Let a be (117 - (-1 + 2))/1. Let g = 112 + a. Suppose -6*h + g = -4*h. What is the tens digit of h?
1
Let x = -85799 + 131725. What is the thousands digit of x?
5
Suppose -12 = 9*c - 8*c. Let m be 2/(-8) + (-3)/c + 3. Let b(o) = 5*o - 10. What is the units digit of b(m)?
5
Suppose 25*d - 38*d - 185836 = -27*d. What is the ten thousands digit of d?
1
Suppose 569*k = 564*k + 69500. What is the hundreds digit of k?
9
Suppose -2*h = -10, 4*h = -x + 5*h + 6. Suppose -5*y - 10 = 0, 0 = -t - x*y + 8*y + 11. What is the units digit of t?
7
Suppose -135*c - 99*c = -34*c - 512200. What is the tens digit of c?
6
Let w be (5 + 11)*137*(-4)/(-8). What is the units digit of (w/(-6))/(45/(-135))?
8
Suppose -f + 10668 = 5*h - 2159, 0 = 5*h - 5*f - 12845. What is the units digit of h?
6
Let p = 997 - 463. Let t = p + 256. What is the hundreds digit of t?
7
Suppose 31 = 4*b + 15. Suppose -b*j + 0*j = -20. Suppose 0 = 5*m + 2*z - 438, -m = -j*z - 46 - 20. What is the units digit of m?
6
Suppose 0 = -99*w + 1741615 - 